base 5
11
Convert 0 (base 9) to base 16.
0
Convert -2 (base 3) to base 7.
-2
What is 1 (base 14) in base 2?
1
Convert -1 (base 5) to base 8.
-1
12 (base 3) to base 8
5
What is -29 (base 14) in base 3?
-1101
Convert -1011 (base 5) to base 3.
-11212
What is 1 (base 15) in base 11?
1
10010 (base 2) to base 14
14
2 (base 7) to base 13
2
Convert -9 (base 16) to base 12.
-9
11 (base 5) to base 12
6
Convert -2 (base 12) to base 9.
-2
Convert 25 (base 12) to base 6.
45
What is 36 (base 13) in base 4?
231
10 (base 5) to base 14
5
What is 14 (base 5) in base 3?
100
What is -3 (base 16) in base 8?
-3
-2 (base 10) to base 16
-2
What is -27 (base 8) in base 7?
-32
What is -11 (base 4) in base 8?
-5
Convert 3 (base 6) to base 13.
3
What is 69 (base 13) in base 6?
223
a6 (base 16) to base 5
1131
What is -101001 (base 2) in base 16?
-29
2 (base 13) to base 10
2
What is 45 (base 7) in base 5?
113
1 (base 3) to base 13
1
3 (base 13) to base 5
3
What is 10 (base 15) in base 13?
12
Convert -58 (base 14) to base 11.
-71
Convert 7 (base 8) to base 5.
12
11002 (base 3) to base 12
92
What is -1000 (base 2) in base 13?
-8
Convert 1001011 (base 2) to base 5.
300
Convert -13 (base 7) to base 3.
-101
-100010 (base 2) to base 16
-22
What is -25 (base 6) in base 8?
-21
What is -106 (base 10) in base 7?
-211
Convert -126 (base 13) to base 10.
-201
Convert 0 (base 4) to base 10.
0
Convert 61 (base 13) to base 11.
72
4 (base 15) to base 10
4
44 (base 5) to base 3
220
Convert 22 (base 13) to base 6.
44
What is -16 (base 11) in base 14?
-13
-3 (base 13) to base 9
-3
Convert 12112 (base 3) to base 16.
95
-275 (base 8) to base 11
-162
-100 (base 2) to base 14
-4
Convert 7 (base 15) to base 5.
12
Convert -191 (base 13) to base 9.
-348
0 (base 11) to base 6
0
What is 32 (base 8) in base 2?
11010
30 (base 7) to base 12
19
Convert -155 (base 11) to base 9.
-221
Convert aa (base 16) to base 12.
122
What is 4 (base 14) in base 2?
100
Convert -12 (base 4) to base 5.
-11
15 (base 9) to base 14
10
-1 (base 11) to base 9
-1
Convert -2 (base 14) to base 7.
-2
Convert -ad (base 14) to base 7.
-306
-12 (base 4) to base 10
-6
What is 2 (base 8) in base 2?
10
What is -301 (base 10) in base 12?
-211
2 (base 11) to base 14
2
What is 3 (base 13) in base 16?
3
What is -526 (base 9) in base 3?
-120220
Convert -4 (base 7) to base 2.
-100
What is 236 (base 7) in base 4?
1331
-31 (base 5) to base 2
-10000
74 (base 9) to base 13
52
Convert 10111 (base 2) to base 10.
23
Convert 15 (base 12) to base 13.
14
Convert -20 (base 3) to base 16.
-6
Convert -133 (base 5) to base 7.
-61
Convert 1 (base 14) to base 8.
1
What is 130 (base 9) in base 12?
90
What is 223 (base 5) in base 8?
77
-3 (base 14) to base 15
-3
What is -13 (base 11) in base 8?
-16
Convert 1044 (base 6) to base 12.
184
100110 (base 2) to base 9
42
What is -7 (base 13) in base 4?
-13
What is 3a (base 14) in base 9?
57
-1000 (base 2) to base 10
-8
What is -12 (base 15) in base 8?
-21
Convert -35 (base 9) to base 13.
-26
-11 (base 6) to base 16
-7
What is 1 (base 13) in base 5?
1
Convert 1 (base 15) to base 9.
1
2230 (base 4) to base 2
10101100
Convert -92 (base 16) to base 12.
-102
Convert -1112 (base 4) to base 15.
-5b
-101 (base 3) to base 13
-a
4 (base 11) to base 3
11
What is 10 (base 15) in base 6?
23
What is 4 (base 7) in base 15?
4
What is -21 (base 4) in base 11?
-9
Convert -272 (base 12) to base 5.
-2444
Convert 8 (base 14) to base 13.
8
Convert -111 (base 3) to base 15.
-d
What is 0 (base 16) in base 6?
0
Convert -8 (base 14) to base 3.
-22
What is 32 (base 9) in base 7?
41
1144 (base 5) to base 8
256
What is 330 (base 6) in base 13?
99
What is 18 (base 12) in base 7?
26
18 (base 16) to base 4
120
-1011 (base 3) to base 4
-133
-2101 (base 3) to base 5
-224
3 (base 15) to base 9
3
What is 46 (base 13) in base 2?
111010
Convert 0 (base 15) to base 9.
0
What is -18 (base 9) in base 4?
-101
Convert 4 (base 15) to base 4.
10
What is -9 (base 14) in base 8?
-11
What is 2 (base 11) in base 3?
2
Convert -12 (base 4) to base 7.
-6
What is -22 (base 16) in base 13?
-28
Convert 16 (base 16) to base 9.
24
Convert 0 (base 7) to base 6.
0
What is -12 (base 3) in base 2?
-101
What is 423 (base 8) in base 5?
2100
What is 4 (base 16) in base 9?
4
Convert 8 (base 10) to base 9.
8
131 (base 7) to base 5
241
Convert 10 (base 4) to base 6.
4
-148 (base 9) to base 10
-125
Convert 1113 (base 4) to base 5.
322
a (base 12) to base 15
a
Convert 56 (base 7) to base 15.
2b
What is 0 (base 11) in base 9?
0
-7 (base 16) to base 7
-10
-4 (base 10) to base 8
-4
-4 (base 7) to base 16
-4
Convert 112 (base 3) to base 8.
16
-1 (base 4) to base 10
-1
12 (base 4) to base 8
6
What is 4 (base 10) in base 12?
4
Convert 20 (base 3) to base 10.
6
What is -21 (base 5) in base 6?
-15
2111 (base 4) to base 2
10010101
Convert 20 (base 5) to base 10.
10
Convert -35 (base 8) to base 10.
-29
Convert 54 (base 16) to base 3.
10010
-84 (base 14) to base 15
-7b
What is 210 (base 3) in base 4?
111
What is -6 (base 7) in base 15?
-6
Convert 11 (base 2) to base 4.
3
Convert -122 (base 6) to base 2.
-110010
111 (base 6) to base 2
101011
-4 (base 14) to base 8
-4
113 (base 15) to base 8
363
Convert -1 (base 2) to base 6.
-1
Convert 12 (base 13) to base 2.
1111
What is 10 (base 3) in base 4?
3
3 (base 12) to base 11
3
10100 (base 2) to base 12
18
-1 (base 15) to base 9
-1
What is 2 (base 10) in base 11?
2
313 (base 5) to base 6
215
What is 5 (base 7) in base 2?
101
What is -2 (base 5) in base 15?
-2
Convert 47 (base 12) to base 4.
313
Convert -ec (base 16) to base 12.
-178
12 (base 5) to base 10
7
1 (base 11) to base 9
1
1101 (base 3) to base 5
122
Convert 259 (base 11) to base 8.
462
Convert 2 (base 11) to base 10.
2
What is 101 (base 3) in base 15?
a
Convert 112 (base 5) to base 10.
32
-75 (base 9) to base 2
-1000100
Convert 151 (base 6) to base 2.
1000011
Convert -9b (base 16) to base 15.
-a5
What is 22 (base 7) in base 9?
17
Convert 3e (base 16) to base 13.
4a
Convert -11 (base 4) to base 8.
-5
What is 76 (base 10) in base 3?
2211
What is 9 (base 10) in base 7?
12
What is 3 (base 10) in base 7?
3
Convert -18 (base 16) to base 15.
-19
-21 (base 3) to base 9
-7
What is -a (base 15) in base 8?
-12
4 (base 12) to base 4
10
69 (base 13) to base 6
223
What is -1 (base 8) in base 15?
-1
What is 32 (base 5) in base 2?
10001
Convert f (base 16) to base 5.
30
Convert -6 (base 10) to base 9.
-6
What is 1 (base 14) in base 3?
1
-24 (base 9) to base 4
-112
-2 (base 7) to base 5
-2
17 (base 9) to base 13
13
Convert 33 (base 9) to base 2.
11110
13 (base 4) to base 11
7
What is 2 (base 4) in base 8?
2
What is 10 (base 3) in base 15?
3
1a (base 14) to base 5
44
135 (base 6) to base 10
59
Convert 2 (base 3) to base 6.
2
-33 (base 8) to base 7
-36
What is 1 (base 16) in base 9?
1
-4 (base 16) to base 12
-4
What is -24 (base 16) in base 14?
-28
What is -34 (base 15) in base 3?
-1211
What is -1 (base 2) in base 16?
-1
What is -d (base 14) in base 3?
-111
Convert 0 (base 7) to base 5.
0
-102202 (base 3) to base 15
-162
Convert 50 (base 10) to base 14.
38
What is 0 (base 12) in base 15?
0
Convert 8 (base 12) to base 16.
8
-6 (base 13) to base 7
-6
-2b (base 15) to base 7
-56
Convert 126 (base 12) to base 3.
20110
5 (base 7) to base 9
5
Convert -17 (base 16) to base 15.
-18
What is -5 (base 11) in base 7?
-5
141 (base 6) to base 14
45
-42 (base 7) to base 16
-1e
Convert 3 (base 16) to base 13.
3
2 (base 10) to base 9
2
What is 56 (base 15) in base 10?
81
What is -10 (base 9) in base 15?
-9
Convert 3 (base 12) to base 4.
3
What is -12010 (base 3) in base 15?
-93
What is -5 (base 13) in base 11?
-5
What is -2 (base 14) in base 3?
-2
What is 100000 (base 2) in base 13?
26
What is 2 (base 10) in base 12?
2
Convert -3 (base 14) to base 4.
-3
What is -10 (base 6) in base 15?
-6
-2 (base 13) to base 2
-10
Convert 114 (base 6) to base 7.
64
Convert -30 (base 9) to base 3.
-1000
What is 2 (base 8) in base 16?
2
0 (base 9) to base 3
0
141 (base 6) to base 11
56
What is -15 (base 8) in base 12?
-11
Convert ec (base 16) to base 10.
236
What is 6 (base 10) in base 4?
12
Convert 3 (base 6) to base 9.
3
What is 1 (base 9) in base 7?
1
What is 6 (base 15) in base 4?
12
What is -71 (base 11) in base 16?
-4e
Convert 2 (base 13